eds digit of 623 + (-11)/(-12 - -1)?
6
Let v(q) = q**2 + 5*q + 2. Let t be v(-5). Let w be (25/(-10))/(t/(-4)). What is the tens digit of 31/2 - w/(-10)?
1
Suppose 4*j - 3*t + 205 - 906 = 0, -5*j + 3*t + 880 = 0. Suppose -175*z + j*z - 224 = 0. What is the tens digit of z?
5
Suppose -o - 5*w = 11, -2*w + 7*w = 5. Let f be (-3)/(-12) + 116/o. What is the tens digit of 38*1 + 7/f?
3
Let r = -663 + 1304. What is the hundreds digit of r?
6
Let h(o) = -11*o + 2323. What is the thousands digit of h(0)?
2
Suppose -2*l - 6 = 0, -y - 2*y + 732 = -2*l. Let o = y - 124. What is the tens digit of o?
1
Let z(k) = -11*k - 10. Let f be z(-2). Suppose -51 = -3*u - f. What is the tens digit of u?
1
Let b = -311 + 317. Let l(x) = 13*x**3 - x**2 + x + 1. Let p be l(-1). What is the units digit of (-7)/(p/b) - -39?
2
Let i(x) = x**3 + 25*x**2 - x + 6. Suppose 2*j = -5*j - 175. What is the units digit of i(j)?
1
Let y = 99 + -72. Suppose -r + y = -2. What is the tens digit of r?
2
Suppose 4*s - 5473 = -a, 4*s + 10*a = 15*a + 5443. What is the hundreds digit of s?
3
Let w = 2696 + -1413. What is the hundreds digit of w?
2
Let q be (-2)/(3/(-90)*4). Suppose l + 4*h = 2*l - q, -h + 97 = 3*l. Let s = l + 9. What is the tens digit of s?
4
Suppose -c - n + 481 = 0, n = 2*c + 2*n - 963. What is the tens digit of c?
8
Suppose -6*c = -c - 30. Let x(p) be the first derivative of p**4/4 - p**3 - 9*p**2/2 + 2*p - 16. What is the tens digit of x(c)?
5
Let m = -237 + 505. What is the hundreds digit of m?
2
Suppose -36*h - 356620 = -146*h. What is the hundreds digit of h?
2
Let p = 813 - -783. What is the tens digit of p?
9
Let s(w) = -4*w - 21. Let v(q) = 4*q + 21. Let i(j) = 3*s(j) + 4*v(j). What is the units digit of i(7)?
9
Let p(v) = 3*v**2 + 9*v - 1 - 22*v + 14*v. Suppose -3*i + i = -4. What is the tens digit of p(i)?
1
Suppose 9*t + 60 + 12 = 0. What is the units digit of -2 - (0 - -4)*14/t?
5
Let c(f) = -7*f - 35. Let l be (((-1)/1)/1)/(14/98). What is the tens digit of c(l)?
1
Let u = 2637 - 745. What is the units digit of u?
2
Let k be ((-3)/2)/((-6)/8). Suppose -4 = -k*o - 2*v, -5*o + o - 2*v + 8 = 0. What is the units digit of o?
2
Let g(k) = 6*k - 7. Suppose -21 = -3*w + 2*j + j, -5*w + 33 = -3*j. Let y be g(w). Let b = y + -15. What is the units digit of b?
4
Let p(z) = -4*z - 64. Let f be p(-21). Suppose 8*r + f = 9*r. What is the tens digit of r?
2
Let s be 1*0/((-4)/1). Suppose 4*t - 12 = 5*m, -m - t + 3 = -s*t. Suppose 2*h - y = 45, m*y = 3*y - 3. What is the tens digit of h?
2
Let b = 21 - 16. Suppose -b*h = -2*o + 15, -h = -o - 3 + 9. Suppose -o*i + 96 = -54. What is the tens digit of i?
3
Suppose 2*d = -22*l + 27*l + 6196, 0 = -5*d - l + 15517. What is the tens digit of d?
0
Let v be ((-10)/(-5) + -8)*(-94)/(-3). Let x = v - -361. What is the tens digit of x?
7
Let a(p) = p**2 + 5*p - 2. Let q be a(-6). Suppose -q*i + i - 9 = 0, -54 = -2*c - 2*i. What is the units digit of ((-66)/5)/((-6)/c)?
6
Suppose -20 = 2*o + 20. Let w(r) be the first derivative of -2*r**2 - 6*r + 12. What is the tens digit of w(o)?
7
What is the units digit of 44678/18 - (-808)/909?
3
Suppose m - 570 = -3*j, 0 = 4*j + 4*m - 720 - 32. Suppose -j + 57 = -p. What is the units digit of p?
4
Let x(h) = -h**2 + 5*h + 3. Let b be x(5). Suppose -b*z = 5*z - 200. What is the tens digit of z?
2
Suppose 6*h = 3*h, 2*a - 4*h - 44 = 0. What is the tens digit of a?
2
Let q(d) = 27*d**3 - d**2 + 2*d + 1. Let p be q(2). Let r = p - 151. What is the units digit of r/2 + (3 - 7)?
9
Suppose 85*g = 69*g + 14912. What is the tens digit of g?
3
What is the tens digit of 1915*(-6)/(-30) - -2?
8
Let h = 175 - 151. Suppose -l = 3*s + 33, -l - 16 = 2*s + 7. What is the tens digit of (h/s)/(21/(-350))?
4
Let t(j) = 29*j**2 - 7*j - 16. What is the tens digit of t(-4)?
7
Suppose -3*t + 2 = l - 4, -4*t + 3*l - 5 = 0. Suppose 0 = -v + 3, -3*u - 5 = -v + t. Let n(d) = -48*d + 2. What is the units digit of n(u)?
0
Let c be (4/(-10))/(3/(-30)). Let h = -23 + 29. Suppose 4*q + r = h, -3*r + 2 + 0 = c*q. What is the units digit of q?
2
Suppose 0 = -3*j - 26 + 32. Let o(h) = -5 + 2*h**2 + 0 + 8*h - 2 - h**j. What is the units digit of o(-10)?
3
Let b(l) = -l**3 + 5*l**2 + 3*l + 1. Suppose 3*s + 5 - 20 = 0. Let q be b(s). Let c = -3 + q. What is the units digit of c?
3
Suppose -3*b = -2 - 4, 5*l + b = 17. Suppose 0*u + 2*u + 619 = 5*n, 4*n - 486 = -l*u. What is the hundreds digit of n?
1
Let l be 2/(-9) - (-14441)/63. Let s = l + -148. What is the units digit of s?
1
Let x(q) = -375*q - 4. What is the hundreds digit of x(-1)?
3
Let t be ((-62)/(-6))/(3/9). Let c = -3 - 18. Let w = t + c. What is the tens digit of w?
1
Let u be -5 + 0 + (-1 - 3). Let s = u - -52. What is the units digit of s?
3
Suppose 8*v = -9 + 1. What is the tens digit of (12/18)/(v/(-33))?
2
Suppose 0 = 11*g + 10*g - 22617. What is the units digit of g?
7
Let i(c) = 2910*c**2 - 18*c + 6. What is the tens digit of i(1)?
9
Suppose 3*c = -3*i + 12, 0 = -0*c + 4*c - 5*i - 52. Let n be ((-60)/c - -1)*2. Let w = 39 + n. What is the tens digit of w?
2
Suppose l + 4 = -3*m - 0*l, 3*m - 2*l = -19. What is the tens digit of m + 4/(16/572)?
4
Suppose 4*j - 13 - 3 = 0. Suppose 0 = -7*n + j*n + 72. Suppose c - n = -c. What is the units digit of c?
2
Let y(x) = 4*x + 62. Let l be y(-14). Let c(t) = -t**3 + 7*t**2 + 11*t - 12. What is the tens digit of c(l)?
9
Let t be (22/6)/(2/(-30)). Suppose -7*c - 19 = 142. Let h = c - t. What is the tens digit of h?
3
Let q be (-12)/(-36) - (-2)/(-6). Suppose q = -13*o + 9*o + 236. What is the units digit of o?
9
Let g = -1243 + 717. What is the tens digit of 18/(-81) + g/(-18)?
2
Let p be -4 + 20 - (-1)/1. Let r = -16 + p. What is the tens digit of (1 + -2)*r - -43?
4
Let x be (58/12 - 4)*6. Suppose -3*q + 429 = x*b, 5*b - 4*q - 241 = 202. What is the units digit of b?
7
What is the tens digit of ((-294)/168)/((-2)/1880)?
4
Let o be (-220)/8*192/(-15). Suppose -o = -4*m - 5*q, -m - 2*m = -4*q - 264. What is the units digit of m?
8
Suppose j + j = -r - 10, 3*j + 15 = 2*r. Suppose -x - 5*n + 21 + 5 = r, -2*x - 8 = -2*n. What is the units digit of (x/1)/(7/119)?
7
Suppose -17*l = -27*l + 4120. What is the hundreds digit of l?
4
Suppose -649 = -b + 257. What is the hundreds digit of b?
9
Let o(z) = z**2 - 8*z - 6. Let r be o(7). Let i be (-8)/20 - (-394)/10. Let j = i - r. What is the units digit of j?
2
Let c = -9 + -4. Suppose -4*j = 25 - 5, 0 = -2*y + 2*j + 42. Let z = c + y. What is the units digit of z?
3
Let s(b) = 2*b**2 + 13*b + 94. What is the tens digit of s(-21)?
0
Let f = 9 + 18. Suppose 0 = f*r - 23*r - 504. What is the units digit of r?
6
What is the units digit of (-130)/39*3/2 - -371?
6
What is the units digit of 36/(-96) + 18849/24?
5
Let z(l) = 12*l + 19. Let u be z(4). Let o = -32 + u. What is the units digit of o?
5
Let s(d) = -17*d + 24 - 39 + 32. What is the tens digit of s(-4)?
8
What is the units digit of (-14)/119 - 34291/(-17)?
7
Let h = -92 + 172. Let o = 135 - h. Suppose -2*g - p + 71 = 0, 5*p + 100 = 5*g - o. What is the units digit of g?
4
Let k(c) = -2*c - 4. Let x be k(-4). Suppose -2*f = -4*i + 8, f = x*i - 1 - 1. Let p(u) = -u - 3. What is the units digit of p(f)?
3
Let t(l) = l**2 + 10*l - 7. Let p be t(-10). Let v = p + 11. Suppose v*d - 39 = 101. What is the tens digit of d?
3
Let p(v) = v**3 - 8*v**2 + 7*v - 5*v - 2 - 10. Let f be p(8). Let k(m) = 4*m - 1. What is the units digit of k(f)?
5
Let k = -538 - -920. What is the units digit of k?
2
Let t = 46 - 2. What is the units digit of -4 + t/12 - 746/(-6)?
4
Let w be 2/(14/12 + -1). Suppose 11*s - w*s + 72 = 0. What is the units digit of s?
2
Let a be (-3 + 6 - -475) + -9 + 5. Suppose -4*h - 3*o + 0*o + a = 0, -2*h + 250 = -5*o. What is the units digit of h?
0
Suppose 9*g - 511 = 623. Suppose 2*r + r - 131 = -2*v, 2*v + 2*r = g. What is the units digit of v?
8
Let p(a) be the third derivative of 5/24*a**4 - 10*a**2 + 0*a + 0 - 1/3*a**3. What is the tens digit of p(5)?
2
Let c(m) = 7*m + 11. Let l be c(-6). Let d = 74 + l. What is the units digit of d?
3
Let j be (-255)/(-5) - -1*3. Let k = -7 + j. What is the units digit of k?
7
Let j(h) = -128*h**3 - 4*h**2 + 3*h + 2. What is the tens digit of j(-3)?
1
Suppose -6*q = -5*m - 2*q - 1411, 3*q